{"id":19588,"date":"2025-05-19T15:41:05","date_gmt":"2025-05-19T12:41:05","guid":{"rendered":"https:\/\/megaradar.com.tr\/shop\/?post_type=product&#038;p=19588"},"modified":"2026-02-15T04:27:44","modified_gmt":"2026-02-15T01:27:44","slug":"ara-plaka-3-katli-ray-tipi-klemens-icin","status":"publish","type":"product","link":"https:\/\/megaradar.com.tr\/shop\/urun\/ara-plaka-3-katli-ray-tipi-klemens-icin\/","title":{"rendered":"Ara Plaka- 3 Katl\u0131 Ray Tipi Klemens \u0130\u00e7in"},"content":{"rendered":"","protected":false},"excerpt":{"rendered":"<div itemprop=\"description\">\n<p class=\"s-desc-mg\"><span>\u00dcr\u00fcn tipi: <b>Ara plaka<\/b><\/span><\/p>\n<div class=\"color-table\">\n<div class=\"s-desc-mg-colors\">\n  <span>Renk se\u00e7enekleri<\/span><\/p>\n<div class=\"stock-colors\">\n    <span class=\"natural\"><i>Naturel<\/i><\/span>\n  <\/div>\n<\/div>\n<div class=\"s-desc-mg-stock\">\n  <span class=\"s-desc-mg-stock-title\">Stok rengi<\/span><\/p>\n<div class=\"stock-colors\">\n    <span class=\"natural\"><i>Nat\u00fcrel<\/i><\/span>\n  <\/div>\n<\/div>\n<\/div>\n<\/div>\n","protected":false},"featured_media":20372,"template":"","meta":[],"product_brand":[],"product_cat":[68],"product_tag":[],"class_list":{"0":"post-19588","1":"product","2":"type-product","3":"status-publish","4":"has-post-thumbnail","6":"product_cat-tamamlayici-urunler","7":"pa_onaylar-ce","8":"pa_onaylar-eac","9":"pa_onaylar-rohs","10":"pa_onaylar-tse","11":"pa_renk-secenekleri-naturel","12":"pa_stok-rengi-naturel","13":"pa_urun-grubu-tamamlayici-urunler","14":"pa_urun-rengi-siparis-kodu-16-520-naturel","15":"pa_urun-tipi-ara-plaka","17":"first","18":"instock","19":"taxable","20":"shipping-taxable","21":"purchasable","22":"product-type-variable"},"_links":{"self":[{"href":"https:\/\/megaradar.com.tr\/shop\/wp-json\/wp\/v2\/product\/19588","targetHints":{"allow":["GET"]}}],"collection":[{"href":"https:\/\/megaradar.com.tr\/shop\/wp-json\/wp\/v2\/product"}],"about":[{"href":"https:\/\/megaradar.com.tr\/shop\/wp-json\/wp\/v2\/types\/product"}],"version-history":[{"count":0,"href":"https:\/\/megaradar.com.tr\/shop\/wp-json\/wp\/v2\/product\/19588\/revisions"}],"wp:featuredmedia":[{"embeddable":true,"href":"https:\/\/megaradar.com.tr\/shop\/wp-json\/wp\/v2\/media\/20372"}],"wp:attachment":[{"href":"https:\/\/megaradar.com.tr\/shop\/wp-json\/wp\/v2\/media?parent=19588"}],"wp:term":[{"taxonomy":"product_brand","embeddable":true,"href":"https:\/\/megaradar.com.tr\/shop\/wp-json\/wp\/v2\/product_brand?post=19588"},{"taxonomy":"product_cat","embeddable":true,"href":"https:\/\/megaradar.com.tr\/shop\/wp-json\/wp\/v2\/product_cat?post=19588"},{"taxonomy":"product_tag","embeddable":true,"href":"https:\/\/megaradar.com.tr\/shop\/wp-json\/wp\/v2\/product_tag?post=19588"}],"curies":[{"name":"wp","href":"https:\/\/api.w.org\/{rel}","templated":true}]}}