{"id":20234,"date":"2025-06-25T17:05:35","date_gmt":"2025-06-25T14:05:35","guid":{"rendered":"https:\/\/megaradar.com.tr\/shop\/?post_type=product&#038;p=20234"},"modified":"2026-03-02T14:13:35","modified_gmt":"2026-03-02T11:13:35","slug":"508x762mm-dik-yayli-klemens-6-pim","status":"publish","type":"product","link":"https:\/\/megaradar.com.tr\/shop\/urun\/508x762mm-dik-yayli-klemens-6-pim\/","title":{"rendered":"5.08&#215;7.62mm Dik Yayl\u0131 Klemens &#8211; 6 Pim"},"content":{"rendered":"","protected":false},"excerpt":{"rendered":"<p class=\"s-desc-mg\"><span>Yayl\u0131 mod\u00fcler PCB klemensi<\/span><span>6 kutup<\/span><span>Max. iletken kesiti: <b>1.5mm\u00b2-16AWG<\/b><\/span><span>Pim aral\u0131\u011f\u0131: <b>5.08\u00d77.62mm<\/b><\/span><span>Nominal gerilim: <b>250V<\/b><\/span><span>Nominal ak\u0131m: <b>10A<\/b><\/span><\/p>\n<ul class=\"s-desc-mg-list\">\n<li>Yayl\u0131 PCB klemensler; aletsiz ve pratik kullan\u0131m sunarak zamandan tasarruf etmenizi sa\u011flar.<\/li>\n<li>Kablo tutu\u015flar\u0131 sa\u011flam, mekanik stabiliteleri y\u00fcksektir.<\/li>\n<li>Mod\u00fcler yap\u0131s\u0131, kutup say\u0131s\u0131n\u0131 ihtiyaca g\u00f6re art\u0131r\u0131p azaltman\u0131za ve klemensi kolayca adapte etmenize olanak tan\u0131r.<\/li>\n<\/ul>\n<div class=\"color-table\">\n<div class=\"s-desc-mg-colors\">\n  <span>Renk se\u00e7enekleri<\/span><\/p>\n<div class=\"stock-colors\">\n    <span class=\"gray\"><i>Gri<\/i><\/span>\n  <\/div>\n<\/div>\n<div class=\"s-desc-mg-stock\">\n  <span class=\"s-desc-mg-stock-title\">Stok rengi<\/span><\/p>\n<div class=\"stock-colors\">\n    <span class=\"gray\"><i>Gri<\/i><\/span>\n  <\/div>\n<\/div>\n<\/div>\n","protected":false},"featured_media":27672,"template":"","meta":[],"product_brand":[],"product_cat":[56,49],"product_tag":[],"class_list":{"0":"post-20234","1":"product","2":"type-product","3":"status-publish","4":"has-post-thumbnail","6":"product_cat-508x762mm-yayli-pcb-klemensler","7":"product_cat-yayli-pcb-klemensleri","8":"pa_anma-akimi-10a","9":"pa_anma-gerilimi-250v","10":"pa_baglanti-tipi-yayli-baglanti","11":"pa_iletken-baglanti-kesiti-025mm-23-awg","12":"pa_iletken-baglanti-kesiti-034mm-22-awg","13":"pa_iletken-baglanti-kesiti-05mm-20awg","14":"pa_iletken-baglanti-kesiti-15mm-16-awg","15":"pa_iletken-baglanti-kesiti-1mm-18awg","16":"pa_iletken-baglanti-yonu-26","17":"pa_kutup-sayisi-138","18":"pa_montaj-tipi-dalga-lehimleme","19":"pa_onaylar-ce","20":"pa_onaylar-eac","21":"pa_onaylar-rohs","22":"pa_onaylar-tse","23":"pa_pim-araligi-508x762mm","24":"pa_renk-secenekleri-gri","25":"pa_renk-siparis-kodu-34-280-gri","26":"pa_sira-sayisi-202","27":"pa_stok-rengi-gri","28":"pa_urun-grubu-yayli-pcb-klemensleri","29":"pa_urun-tipi-moduler","31":"first","32":"instock","33":"taxable","34":"shipping-taxable","35":"purchasable","36":"product-type-variable"},"_links":{"self":[{"href":"https:\/\/megaradar.com.tr\/shop\/wp-json\/wp\/v2\/product\/20234","targetHints":{"allow":["GET"]}}],"collection":[{"href":"https:\/\/megaradar.com.tr\/shop\/wp-json\/wp\/v2\/product"}],"about":[{"href":"https:\/\/megaradar.com.tr\/shop\/wp-json\/wp\/v2\/types\/product"}],"version-history":[{"count":0,"href":"https:\/\/megaradar.com.tr\/shop\/wp-json\/wp\/v2\/product\/20234\/revisions"}],"wp:featuredmedia":[{"embeddable":true,"href":"https:\/\/megaradar.com.tr\/shop\/wp-json\/wp\/v2\/media\/27672"}],"wp:attachment":[{"href":"https:\/\/megaradar.com.tr\/shop\/wp-json\/wp\/v2\/media?parent=20234"}],"wp:term":[{"taxonomy":"product_brand","embeddable":true,"href":"https:\/\/megaradar.com.tr\/shop\/wp-json\/wp\/v2\/product_brand?post=20234"},{"taxonomy":"product_cat","embeddable":true,"href":"https:\/\/megaradar.com.tr\/shop\/wp-json\/wp\/v2\/product_cat?post=20234"},{"taxonomy":"product_tag","embeddable":true,"href":"https:\/\/megaradar.com.tr\/shop\/wp-json\/wp\/v2\/product_tag?post=20234"}],"curies":[{"name":"wp","href":"https:\/\/api.w.org\/{rel}","templated":true}]}}