{"id":3398,"date":"2023-07-14T18:08:46","date_gmt":"2023-07-14T15:08:46","guid":{"rendered":"https:\/\/www.mgshop.mucizefikironline.com\/?post_type=product&#038;p=3398"},"modified":"2026-04-07T06:18:35","modified_gmt":"2026-04-07T03:18:35","slug":"762mm-soket-kablo-birlestirici-erkek-klemens-6-pim","status":"publish","type":"product","link":"https:\/\/megaradar.com.tr\/shop\/urun\/762mm-soket-kablo-birlestirici-erkek-klemens-6-pim\/","title":{"rendered":"7.62mm Soket Kablo Birle\u015ftirici Erkek Klemens &#8211; 6 Pim"},"content":{"rendered":"","protected":false},"excerpt":{"rendered":"<p class=\"s-desc-mg\"><span>Asans\u00f6r mekanizmal\u0131 vida ba\u011flant\u0131l\u0131 soketli PCB klemensi<\/span><span>6 kutup<\/span><span>Max. iletken kesiti: <b>2.5mm\u00b2-14 AWG<\/b><\/span><span>Pim aral\u0131\u011f\u0131: <b>7.62mm<\/b><\/span><span>Nominal gerilim: <b>400V<\/b><\/span><span>Nominal ak\u0131m: <b>16A<\/b><\/span><\/p>\n<ul class=\"s-desc-mg-list\">\n<li>Kablodan kabloya ba\u011flant\u0131, raya montaj ve y\u00fczeye montaj se\u00e7enekleriyle \u00fc\u00e7 farkl\u0131 kullan\u0131m imkan\u0131 sunar.<\/li>\n<li>Ray distanslar\u0131\/montaj braketleri ile raya montajlanabilir.<\/li>\n<li>Klemens \u00fczerindeki delikler arac\u0131l\u0131\u011f\u0131yla; vida ile y\u00fczeye kolayca sabitlenebilir.<\/li>\n<\/ul>\n<div class=\"color-table\">\n<div class=\"s-desc-mg-colors\">\n  <span>Renk se\u00e7enekleri<\/span><\/p>\n<div class=\"stock-colors\">\n    <span class=\"blue\"><i>Mavi<\/i><\/span><br \/>\n    <span class=\"green\"><i>Ye\u015fil<\/i><\/span><br \/>\n    <span class=\"orange\"><i>Turuncu<\/i><\/span><br \/>\n    <span class=\"black\"><i>Siyah<\/i><\/span><br \/>\n    <span class=\"gray\"><i>Gri<\/i><\/span><br \/>\n    <span class=\"red\"><i>K\u0131rm\u0131z\u0131<\/i><\/span>\n  <\/div>\n<\/div>\n<div class=\"s-desc-mg-stock\">\n  <span class=\"s-desc-mg-stock-title\">Stok rengi<\/span><\/p>\n<div class=\"stock-colors\">\n    <span class=\"blue\"><i>Mavi<\/i><\/span><br \/>\n    <span class=\"green\"><i>Ye\u015fil<\/i><\/span><br \/>\n    <span class=\"orange\"><i>Turuncu<\/i><\/span>\n  <\/div>\n<\/div>\n<\/div>\n","protected":false},"featured_media":27582,"template":"","meta":[],"product_brand":[],"product_cat":[103,17,95],"product_tag":[],"class_list":{"0":"post-3398","1":"product","2":"type-product","3":"status-publish","4":"has-post-thumbnail","6":"product_cat-762mm-soketli-konnektorler","7":"product_cat-soketli-klemensler-ve-konnektorler","8":"product_cat-soketli-konnektorler","9":"pa_aksesuarlar-kablo-birlestirici-ray-distans","10":"pa_aksesuarlar-kablo-birlestirici-vidasi","11":"pa_anma-akimi-16a","12":"pa_anma-gerilimi-400v","13":"pa_iletken-baglanti-yonu-27","14":"pa_kutup-sayisi-138","15":"pa_montaj-tipi-35mm-din-ray-distans","16":"pa_montaj-tipi-kablodan-kabloya","17":"pa_onaylar-ce","18":"pa_onaylar-eac","19":"pa_onaylar-rohs","20":"pa_onaylar-tse","21":"pa_onaylar-ul","22":"pa_onaylar-vde","23":"pa_pim-araligi-762mm","24":"pa_renk-secenekleri-gri","25":"pa_renk-secenekleri-kirmizi","26":"pa_renk-secenekleri-mavi","27":"pa_renk-secenekleri-siyah","28":"pa_renk-secenekleri-turuncu","29":"pa_renk-secenekleri-yesil","30":"pa_renk-siparis-kodu-10-906-mavi","31":"pa_renk-siparis-kodu-11-906-yesil","32":"pa_renk-siparis-kodu-12-906-turuncu","33":"pa_renk-siparis-kodu-13-906-siyah","34":"pa_renk-siparis-kodu-14-906-gri","35":"pa_renk-siparis-kodu-15-906-kirmizi","36":"pa_sira-sayisi-202","37":"pa_stok-rengi-mavi","38":"pa_stok-rengi-yesil","39":"pa_urun-grubu-soketli-klemensler","40":"pa_urun-tipi-erkek","41":"pa_urun-tipi-kablo-birlestirici-erkek","43":"first","44":"instock","45":"taxable","46":"shipping-taxable","47":"purchasable","48":"product-type-variable"},"_links":{"self":[{"href":"https:\/\/megaradar.com.tr\/shop\/wp-json\/wp\/v2\/product\/3398","targetHints":{"allow":["GET"]}}],"collection":[{"href":"https:\/\/megaradar.com.tr\/shop\/wp-json\/wp\/v2\/product"}],"about":[{"href":"https:\/\/megaradar.com.tr\/shop\/wp-json\/wp\/v2\/types\/product"}],"version-history":[{"count":1,"href":"https:\/\/megaradar.com.tr\/shop\/wp-json\/wp\/v2\/product\/3398\/revisions"}],"predecessor-version":[{"id":28494,"href":"https:\/\/megaradar.com.tr\/shop\/wp-json\/wp\/v2\/product\/3398\/revisions\/28494"}],"wp:featuredmedia":[{"embeddable":true,"href":"https:\/\/megaradar.com.tr\/shop\/wp-json\/wp\/v2\/media\/27582"}],"wp:attachment":[{"href":"https:\/\/megaradar.com.tr\/shop\/wp-json\/wp\/v2\/media?parent=3398"}],"wp:term":[{"taxonomy":"product_brand","embeddable":true,"href":"https:\/\/megaradar.com.tr\/shop\/wp-json\/wp\/v2\/product_brand?post=3398"},{"taxonomy":"product_cat","embeddable":true,"href":"https:\/\/megaradar.com.tr\/shop\/wp-json\/wp\/v2\/product_cat?post=3398"},{"taxonomy":"product_tag","embeddable":true,"href":"https:\/\/megaradar.com.tr\/shop\/wp-json\/wp\/v2\/product_tag?post=3398"}],"curies":[{"name":"wp","href":"https:\/\/api.w.org\/{rel}","templated":true}]}}