{"id":3681,"date":"2023-07-15T17:09:49","date_gmt":"2023-07-15T14:09:49","guid":{"rendered":"https:\/\/www.mgshop.mucizefikironline.com\/?post_type=product&#038;p=3681"},"modified":"2026-04-07T06:18:35","modified_gmt":"2026-04-07T03:18:35","slug":"952x762mm-moduler-baskili-devre-klemens-4-pim","status":"publish","type":"product","link":"https:\/\/megaradar.com.tr\/shop\/urun\/952x762mm-moduler-baskili-devre-klemens-4-pim\/","title":{"rendered":"9.52&#215;7.62mm Mod\u00fcler Bask\u0131l\u0131 Devre Klemens &#8211; 4 Pim"},"content":{"rendered":"","protected":false},"excerpt":{"rendered":"<p class=\"s-desc-mg\"><span>Asans\u00f6r mekanizmal\u0131 vida ba\u011flant\u0131l\u0131 mod\u00fcler PCB klemensi<\/span><span>4 kutup<\/span><span>Max. iletken kesiti: <b>6mm\u00b2-10 AWG<\/b><\/span><span>Pim aral\u0131\u011f\u0131: <b>9.52\u00d77.62mm<\/b><\/span><span>Nominal gerilim: <b>600V<\/b><\/span><span>Nominal ak\u0131m: <b>41A<\/b><\/span><\/p>\n<ul class=\"s-desc-mg-list\">\n<li>Mod\u00fcler PCB klemensler; kutup say\u0131s\u0131n\u0131 birbirine ge\u00e7irerek art\u0131rabilece\u011finiz, ay\u0131rarak ise azaltabilece\u011finiz mod\u00fcler bir yap\u0131dad\u0131r.<\/li>\n<li>Klemensi uzat\u0131p k\u0131saltarak ihtiyac\u0131n\u0131za g\u00f6re kolayl\u0131kla adapte edebilirsiniz.<\/li>\n<li>Farkl\u0131 renklerdeki \u00fcr\u00fcnleri birle\u015ftirerek renk kodlamas\u0131 yapabilir; b\u00f6ylece kablolaman\u0131n kolay ayr\u0131\u015ft\u0131r\u0131lmas\u0131n\u0131 sa\u011flayarak uygulama hatalar\u0131n\u0131n \u00f6n\u00fcne ge\u00e7ebilirsiniz.<\/li>\n<\/ul>\n<div class=\"color-table\">\n<div class=\"s-desc-mg-colors\">\n  <span>Renk se\u00e7enekleri<\/span><\/p>\n<div class=\"stock-colors\">\n    <span class=\"blue\"><i>Mavi<\/i><\/span><br \/>\n    <span class=\"green\"><i>Ye\u015fil<\/i><\/span><br \/>\n    <span class=\"orange\"><i>Turuncu<\/i><\/span><br \/>\n    <span class=\"black\"><i>Siyah<\/i><\/span><br \/>\n    <span class=\"gray\"><i>Gri<\/i><\/span><br \/>\n    <span class=\"red\"><i>K\u0131rm\u0131z\u0131<\/i><\/span>\n  <\/div>\n<\/div>\n<div class=\"s-desc-mg-stock\">\n  <span class=\"s-desc-mg-stock-title\">Stok rengi<\/span><\/p>\n<div class=\"stock-colors\">\n    <span class=\"blue\"><i>Mavi<\/i><\/span><br \/>\n    <span class=\"green\"><i>Ye\u015fil<\/i><\/span><br \/>\n    <span class=\"orange\"><i>Turuncu<\/i><\/span>\n  <\/div>\n<\/div>\n<\/div>\n","protected":false},"featured_media":25461,"template":"","meta":[],"product_brand":[],"product_cat":[43,53],"product_tag":[],"class_list":{"0":"post-3681","1":"product","2":"type-product","3":"status-publish","4":"has-post-thumbnail","6":"product_cat-moduler-pcb-klemensleri","7":"product_cat-952x762mm-modul","8":"pa_aksesuarlar-kutup-korleyici-tipa","9":"pa_anma-akimi-41a","10":"pa_anma-gerilimi-600v","11":"pa_baglanti-tipi-asansor-mekanizmali-vida-baglanti","12":"pa_iletken-baglanti-kesiti-025mm-23-awg","13":"pa_iletken-baglanti-kesiti-1mm-18awg","14":"pa_iletken-baglanti-kesiti-15mm-16-awg","15":"pa_iletken-baglanti-kesiti-25mm-14-awg","16":"pa_iletken-baglanti-kesiti-4mm-12-awg","17":"pa_iletken-baglanti-kesiti-6mm-10-awg","18":"pa_iletken-baglanti-yonu-27","19":"pa_kutup-sayisi-136","20":"pa_montaj-tipi-dalga-lehimleme","21":"pa_onaylar-ce","22":"pa_onaylar-eac","23":"pa_onaylar-rohs","24":"pa_onaylar-tse","25":"pa_pim-araligi-952x762mm","26":"pa_renk-secenekleri-mavi","27":"pa_renk-secenekleri-yesil","28":"pa_renk-secenekleri-turuncu","29":"pa_renk-secenekleri-gri","30":"pa_renk-secenekleri-siyah","31":"pa_renk-secenekleri-kirmizi","32":"pa_renk-siparis-kodu-20-555-mavi","33":"pa_renk-siparis-kodu-21-555-yesil","34":"pa_renk-siparis-kodu-22-555-turuncu","35":"pa_renk-siparis-kodu-23-555-siyah","36":"pa_renk-siparis-kodu-24-555-gri","37":"pa_renk-siparis-kodu-25-555-kirmizi","38":"pa_sira-sayisi-202","39":"pa_stok-rengi-mavi","40":"pa_stok-rengi-yesil","41":"pa_urun-grubu-moduler-pcb-klemensleri","42":"pa_urun-tipi-moduler","44":"first","45":"instock","46":"taxable","47":"shipping-taxable","48":"purchasable","49":"product-type-variable"},"_links":{"self":[{"href":"https:\/\/megaradar.com.tr\/shop\/wp-json\/wp\/v2\/product\/3681","targetHints":{"allow":["GET"]}}],"collection":[{"href":"https:\/\/megaradar.com.tr\/shop\/wp-json\/wp\/v2\/product"}],"about":[{"href":"https:\/\/megaradar.com.tr\/shop\/wp-json\/wp\/v2\/types\/product"}],"version-history":[{"count":0,"href":"https:\/\/megaradar.com.tr\/shop\/wp-json\/wp\/v2\/product\/3681\/revisions"}],"wp:featuredmedia":[{"embeddable":true,"href":"https:\/\/megaradar.com.tr\/shop\/wp-json\/wp\/v2\/media\/25461"}],"wp:attachment":[{"href":"https:\/\/megaradar.com.tr\/shop\/wp-json\/wp\/v2\/media?parent=3681"}],"wp:term":[{"taxonomy":"product_brand","embeddable":true,"href":"https:\/\/megaradar.com.tr\/shop\/wp-json\/wp\/v2\/product_brand?post=3681"},{"taxonomy":"product_cat","embeddable":true,"href":"https:\/\/megaradar.com.tr\/shop\/wp-json\/wp\/v2\/product_cat?post=3681"},{"taxonomy":"product_tag","embeddable":true,"href":"https:\/\/megaradar.com.tr\/shop\/wp-json\/wp\/v2\/product_tag?post=3681"}],"curies":[{"name":"wp","href":"https:\/\/api.w.org\/{rel}","templated":true}]}}