{"id":4187,"date":"2023-07-19T20:21:32","date_gmt":"2023-07-19T20:21:32","guid":{"rendered":"https:\/\/www.mgshop.mucizefikironline.com\/?post_type=product&#038;p=4187"},"modified":"2026-04-07T06:18:34","modified_gmt":"2026-04-07T03:18:34","slug":"sogutucu-ray-distans","status":"publish","type":"product","link":"https:\/\/megaradar.com.tr\/shop\/urun\/sogutucu-ray-distans\/","title":{"rendered":"So\u011futucu Ray Distans"},"content":{"rendered":"","protected":false},"excerpt":{"rendered":"<div itemprop=\"description\">\n<p class=\"s-desc-mg\"><span>Raya kolay ve esnek \u015fekilde tutunan vidas\u0131z DIN ray distans<\/span><span>Montaj tipi: <b>35mm DIN ray<\/b><\/span><\/p>\n<ul class=\"s-desc-mg-list\">\n<li>Ray Distanslar bask\u0131l\u0131 devre kartlar\u0131n\u0131 (PCB) 35 mm DIN raylar\u0131na g\u00fcvenle sabitlemek ve kart taban\u0131nda y\u00fcksek g\u00fcvenilirlikte yal\u0131t\u0131m sa\u011flamak i\u00e7in tasarlanm\u0131\u015ft\u0131r.<\/li>\n<li>Bu braketler, mekanik sa\u011flaml\u0131\u011f\u0131n yan\u0131 s\u0131ra elektriksel izolasyon ihtiyac\u0131n\u0131 da kusursuz bir \u015fekilde kar\u015f\u0131lar.<\/li>\n<\/ul>\n<div class=\"color-table\">\n<div class=\"s-desc-mg-colors\">\n      <span>Renk se\u00e7enekleri<\/span><\/p>\n<div class=\"stock-colors\">\n        <span class=\"blue\"><i>Mavi<\/i><\/span><br \/>\n        <span class=\"green\"><i>Ye\u015fil<\/i><\/span><br \/>\n        <span class=\"orange\"><i>Turuncu<\/i><\/span><br \/>\n        <span class=\"black\"><i>Siyah<\/i><\/span><br \/>\n        <span class=\"gray\"><i>Gri<\/i><\/span><br \/>\n        <span class=\"red\"><i>K\u0131rm\u0131z\u0131<\/i><\/span>\n      <\/div>\n<\/p><\/div>\n<div class=\"s-desc-mg-stock\">\n      <span class=\"s-desc-mg-stock-title\">Stok rengi<\/span><\/p>\n<div class=\"stock-colors\">\n        <span class=\"blue\"><i>Mavi<\/i><\/span><br \/>\n        <span class=\"green\"><i>Ye\u015fil<\/i><\/span><br \/>\n        <span class=\"orange\"><i>Turuncu<\/i><\/span>\n      <\/div>\n<\/p><\/div>\n<\/p><\/div>\n<\/div>\n","protected":false},"featured_media":27496,"template":"","meta":[],"product_brand":[],"product_cat":[63],"product_tag":[],"class_list":{"0":"post-4187","1":"product","2":"type-product","3":"status-publish","4":"has-post-thumbnail","6":"product_cat-din-ray-distanslar","7":"pa_montaj-tipi-35mm-din-ray","8":"pa_onaylar-ce","9":"pa_onaylar-eac","10":"pa_onaylar-rohs","11":"pa_onaylar-tse","12":"pa_renk-secenekleri-gri","13":"pa_renk-secenekleri-kirmizi","14":"pa_renk-secenekleri-mavi","15":"pa_renk-secenekleri-siyah","16":"pa_renk-secenekleri-turuncu","17":"pa_renk-secenekleri-yesil","18":"pa_stok-rengi-mavi","19":"pa_stok-rengi-yesil","20":"pa_urun-grubu-din-ray-distanslar","21":"pa_urun-rengi-siparis-kodu-60-380-mavi","22":"pa_urun-rengi-siparis-kodu-61-380-yesil","23":"pa_urun-rengi-siparis-kodu-62-380-turuncu","24":"pa_urun-rengi-siparis-kodu-63-380-siyah","25":"pa_urun-rengi-siparis-kodu-64-380-gri","26":"pa_urun-rengi-siparis-kodu-65-380-kirmizi","27":"pa_urun-tipi-ray-distans","29":"first","30":"instock","31":"taxable","32":"shipping-taxable","33":"purchasable","34":"product-type-variable"},"_links":{"self":[{"href":"https:\/\/megaradar.com.tr\/shop\/wp-json\/wp\/v2\/product\/4187","targetHints":{"allow":["GET"]}}],"collection":[{"href":"https:\/\/megaradar.com.tr\/shop\/wp-json\/wp\/v2\/product"}],"about":[{"href":"https:\/\/megaradar.com.tr\/shop\/wp-json\/wp\/v2\/types\/product"}],"version-history":[{"count":0,"href":"https:\/\/megaradar.com.tr\/shop\/wp-json\/wp\/v2\/product\/4187\/revisions"}],"wp:featuredmedia":[{"embeddable":true,"href":"https:\/\/megaradar.com.tr\/shop\/wp-json\/wp\/v2\/media\/27496"}],"wp:attachment":[{"href":"https:\/\/megaradar.com.tr\/shop\/wp-json\/wp\/v2\/media?parent=4187"}],"wp:term":[{"taxonomy":"product_brand","embeddable":true,"href":"https:\/\/megaradar.com.tr\/shop\/wp-json\/wp\/v2\/product_brand?post=4187"},{"taxonomy":"product_cat","embeddable":true,"href":"https:\/\/megaradar.com.tr\/shop\/wp-json\/wp\/v2\/product_cat?post=4187"},{"taxonomy":"product_tag","embeddable":true,"href":"https:\/\/megaradar.com.tr\/shop\/wp-json\/wp\/v2\/product_tag?post=4187"}],"curies":[{"name":"wp","href":"https:\/\/api.w.org\/{rel}","templated":true}]}}